{"id":12,"date":"2012-11-17T15:44:52","date_gmt":"2012-11-17T14:44:52","guid":{"rendered":"http:\/\/www.charles-de-flahaut.fr\/wordpress\/?page_id=12"},"modified":"2017-08-18T10:21:57","modified_gmt":"2017-08-18T09:21:57","slug":"pour-deposer-un-communique","status":"publish","type":"page","link":"https:\/\/www.charles-de-flahaut.fr\/wordpress\/pour-deposer-un-communique\/","title":{"rendered":"Pour d\u00e9poser un communiqu\u00e9"},"content":{"rendered":"<p>Ce blog est destin\u00e9 \u00e0 recueillir et diffuser vos communiqu\u00e9s : pr\u00e9sentation de sites ou blogs relatifs \u00e0 l&rsquo;Histoire de France et du monde, diffusion d\u2019annonces relatives \u00e0 une activit\u00e9, des \u00e9v\u00e9nements &#8230;<br \/>\nLes communiqu\u00e9s sont ensuite partag\u00e9s sur les r\u00e9seaux sociaux facebook et twitter de \u00ab\u00a0Annuaire Histoire\u00a0\u00bb<br \/>\nLes articles et commentaires sont mod\u00e9r\u00e9s par l\u2019administrateur. Tenue correcte exig\u00e9e \u2026<\/p>\n<p><strong>Pour publier un communiqu\u00e9, l\u2019inscription est obligatoire<\/strong><\/p>\n<p>Pour des raisons de s\u00e9curit\u00e9, votre demande d\u2019identifiant est \u00e0 adresser \u00e0 l\u2019administrateur \u00e0 l\u2019aide du <a href=\"http:\/\/www.charles-de-flahaut.fr\/wordpress\/?page_id=17\" target=\"_blank\" rel=\"noopener\">formulaire de contact<\/a>.<\/p>\n<p>Vous recevrez votre identifiant et votre mot de passe par mail.<br \/>\nNous vous conseillons de proc\u00e9der ensuite au changement de votre mot de passe directement sur votre espace.<\/p>\n<p>En cas de perte ou d&rsquo;oubli de votre mot de passe, l&rsquo;administrateur vous en fera parvenir un nouveau sur simple <a href=\"http:\/\/www.charles-de-flahaut.fr\/wordpress\/?page_id=17\" target=\"_blank\" rel=\"noopener\">demande par formulaire<\/a>.<\/p>\n","protected":false},"excerpt":{"rendered":"<p>Ce blog est destin\u00e9 \u00e0 recueillir et diffuser vos communiqu\u00e9s : pr\u00e9sentation de sites ou blogs relatifs \u00e0 l&rsquo;Histoire de France et du monde, diffusion d\u2019annonces relatives \u00e0 une activit\u00e9, des \u00e9v\u00e9nements &#8230; Les communiqu\u00e9s sont ensuite partag\u00e9s sur les r\u00e9seaux sociaux facebook et twitter de \u00ab\u00a0Annuaire Histoire\u00a0\u00bb Les articles et commentaires sont mod\u00e9r\u00e9s par &hellip; <\/p>\n<p><a class=\"more-link btn\" href=\"https:\/\/www.charles-de-flahaut.fr\/wordpress\/pour-deposer-un-communique\/\">Lire la suite<\/a><\/p>\n","protected":false},"author":1,"featured_media":0,"parent":0,"menu_order":0,"comment_status":"open","ping_status":"open","template":"","meta":{"footnotes":""},"class_list":["post-12","page","type-page","status-publish","hentry","nodate","item-wrap"],"yoast_head":"<!-- This site is optimized with the Yoast SEO plugin v27.3 - https:\/\/yoast.com\/product\/yoast-seo-wordpress\/ -->\n<title>Pour d\u00e9poser un communiqu\u00e9 - Histoire de France - Communiqu\u00e9s<\/title>\n<meta name=\"robots\" content=\"index, follow, max-snippet:-1, max-image-preview:large, max-video-preview:-1\" \/>\n<link rel=\"canonical\" href=\"https:\/\/www.charles-de-flahaut.fr\/wordpress\/pour-deposer-un-communique\/\" \/>\n<meta property=\"og:locale\" content=\"fr_FR\" \/>\n<meta property=\"og:type\" content=\"article\" \/>\n<meta property=\"og:title\" content=\"Pour d\u00e9poser un communiqu\u00e9 - Histoire de France - Communiqu\u00e9s\" \/>\n<meta property=\"og:description\" content=\"Ce blog est destin\u00e9 \u00e0 recueillir et diffuser vos communiqu\u00e9s : pr\u00e9sentation de sites ou blogs relatifs \u00e0 l&rsquo;Histoire de France et du monde, diffusion d\u2019annonces relatives \u00e0 une activit\u00e9, des \u00e9v\u00e9nements &#8230; Les communiqu\u00e9s sont ensuite partag\u00e9s sur les r\u00e9seaux sociaux facebook et twitter de \u00ab\u00a0Annuaire Histoire\u00a0\u00bb Les articles et commentaires sont mod\u00e9r\u00e9s par &hellip; Lire la suite\" \/>\n<meta property=\"og:url\" content=\"https:\/\/www.charles-de-flahaut.fr\/wordpress\/pour-deposer-un-communique\/\" \/>\n<meta property=\"og:site_name\" content=\"Histoire de France - Communiqu\u00e9s\" \/>\n<meta property=\"article:publisher\" content=\"https:\/\/www.facebook.com\/Sites.HistoiredeFrance\" \/>\n<meta property=\"article:modified_time\" content=\"2017-08-18T09:21:57+00:00\" \/>\n<meta name=\"twitter:card\" content=\"summary_large_image\" \/>\n<meta name=\"twitter:label1\" content=\"Dur\u00e9e de lecture estim\u00e9e\" \/>\n\t<meta name=\"twitter:data1\" content=\"1 minute\" \/>\n<script type=\"application\/ld+json\" class=\"yoast-schema-graph\">{\"@context\":\"https:\\\/\\\/schema.org\",\"@graph\":[{\"@type\":\"WebPage\",\"@id\":\"https:\\\/\\\/www.charles-de-flahaut.fr\\\/wordpress\\\/pour-deposer-un-communique\\\/\",\"url\":\"https:\\\/\\\/www.charles-de-flahaut.fr\\\/wordpress\\\/pour-deposer-un-communique\\\/\",\"name\":\"Pour d\u00e9poser un communiqu\u00e9 - Histoire de France - Communiqu\u00e9s\",\"isPartOf\":{\"@id\":\"https:\\\/\\\/www.charles-de-flahaut.fr\\\/wordpress\\\/#website\"},\"datePublished\":\"2012-11-17T14:44:52+00:00\",\"dateModified\":\"2017-08-18T09:21:57+00:00\",\"breadcrumb\":{\"@id\":\"https:\\\/\\\/www.charles-de-flahaut.fr\\\/wordpress\\\/pour-deposer-un-communique\\\/#breadcrumb\"},\"inLanguage\":\"fr-FR\",\"potentialAction\":[{\"@type\":\"ReadAction\",\"target\":[\"https:\\\/\\\/www.charles-de-flahaut.fr\\\/wordpress\\\/pour-deposer-un-communique\\\/\"]}]},{\"@type\":\"BreadcrumbList\",\"@id\":\"https:\\\/\\\/www.charles-de-flahaut.fr\\\/wordpress\\\/pour-deposer-un-communique\\\/#breadcrumb\",\"itemListElement\":[{\"@type\":\"ListItem\",\"position\":1,\"name\":\"Accueil\",\"item\":\"https:\\\/\\\/www.charles-de-flahaut.fr\\\/wordpress\\\/\"},{\"@type\":\"ListItem\",\"position\":2,\"name\":\"Pour d\u00e9poser un communiqu\u00e9\"}]},{\"@type\":\"WebSite\",\"@id\":\"https:\\\/\\\/www.charles-de-flahaut.fr\\\/wordpress\\\/#website\",\"url\":\"https:\\\/\\\/www.charles-de-flahaut.fr\\\/wordpress\\\/\",\"name\":\"Histoire de France - Communiqu\u00e9s\",\"description\":\"Histoire et patrimoine\",\"publisher\":{\"@id\":\"https:\\\/\\\/www.charles-de-flahaut.fr\\\/wordpress\\\/#\\\/schema\\\/person\\\/81011c8b61bc74c05499365a506d49a9\"},\"potentialAction\":[{\"@type\":\"SearchAction\",\"target\":{\"@type\":\"EntryPoint\",\"urlTemplate\":\"https:\\\/\\\/www.charles-de-flahaut.fr\\\/wordpress\\\/?s={search_term_string}\"},\"query-input\":{\"@type\":\"PropertyValueSpecification\",\"valueRequired\":true,\"valueName\":\"search_term_string\"}}],\"inLanguage\":\"fr-FR\"},{\"@type\":[\"Person\",\"Organization\"],\"@id\":\"https:\\\/\\\/www.charles-de-flahaut.fr\\\/wordpress\\\/#\\\/schema\\\/person\\\/81011c8b61bc74c05499365a506d49a9\",\"name\":\"administrateur\",\"logo\":{\"@id\":\"https:\\\/\\\/www.charles-de-flahaut.fr\\\/wordpress\\\/#\\\/schema\\\/person\\\/image\\\/\"},\"sameAs\":[\"http:\\\/\\\/www.charles-de-flahaut.fr\",\"https:\\\/\\\/www.facebook.com\\\/Sites.HistoiredeFrance\"]}]}<\/script>\n<!-- \/ Yoast SEO plugin. -->","yoast_head_json":{"title":"Pour d\u00e9poser un communiqu\u00e9 - Histoire de France - Communiqu\u00e9s","robots":{"index":"index","follow":"follow","max-snippet":"max-snippet:-1","max-image-preview":"max-image-preview:large","max-video-preview":"max-video-preview:-1"},"canonical":"https:\/\/www.charles-de-flahaut.fr\/wordpress\/pour-deposer-un-communique\/","og_locale":"fr_FR","og_type":"article","og_title":"Pour d\u00e9poser un communiqu\u00e9 - Histoire de France - Communiqu\u00e9s","og_description":"Ce blog est destin\u00e9 \u00e0 recueillir et diffuser vos communiqu\u00e9s : pr\u00e9sentation de sites ou blogs relatifs \u00e0 l&rsquo;Histoire de France et du monde, diffusion d\u2019annonces relatives \u00e0 une activit\u00e9, des \u00e9v\u00e9nements &#8230; Les communiqu\u00e9s sont ensuite partag\u00e9s sur les r\u00e9seaux sociaux facebook et twitter de \u00ab\u00a0Annuaire Histoire\u00a0\u00bb Les articles et commentaires sont mod\u00e9r\u00e9s par &hellip; Lire la suite","og_url":"https:\/\/www.charles-de-flahaut.fr\/wordpress\/pour-deposer-un-communique\/","og_site_name":"Histoire de France - Communiqu\u00e9s","article_publisher":"https:\/\/www.facebook.com\/Sites.HistoiredeFrance","article_modified_time":"2017-08-18T09:21:57+00:00","twitter_card":"summary_large_image","twitter_misc":{"Dur\u00e9e de lecture estim\u00e9e":"1 minute"},"schema":{"@context":"https:\/\/schema.org","@graph":[{"@type":"WebPage","@id":"https:\/\/www.charles-de-flahaut.fr\/wordpress\/pour-deposer-un-communique\/","url":"https:\/\/www.charles-de-flahaut.fr\/wordpress\/pour-deposer-un-communique\/","name":"Pour d\u00e9poser un communiqu\u00e9 - Histoire de France - Communiqu\u00e9s","isPartOf":{"@id":"https:\/\/www.charles-de-flahaut.fr\/wordpress\/#website"},"datePublished":"2012-11-17T14:44:52+00:00","dateModified":"2017-08-18T09:21:57+00:00","breadcrumb":{"@id":"https:\/\/www.charles-de-flahaut.fr\/wordpress\/pour-deposer-un-communique\/#breadcrumb"},"inLanguage":"fr-FR","potentialAction":[{"@type":"ReadAction","target":["https:\/\/www.charles-de-flahaut.fr\/wordpress\/pour-deposer-un-communique\/"]}]},{"@type":"BreadcrumbList","@id":"https:\/\/www.charles-de-flahaut.fr\/wordpress\/pour-deposer-un-communique\/#breadcrumb","itemListElement":[{"@type":"ListItem","position":1,"name":"Accueil","item":"https:\/\/www.charles-de-flahaut.fr\/wordpress\/"},{"@type":"ListItem","position":2,"name":"Pour d\u00e9poser un communiqu\u00e9"}]},{"@type":"WebSite","@id":"https:\/\/www.charles-de-flahaut.fr\/wordpress\/#website","url":"https:\/\/www.charles-de-flahaut.fr\/wordpress\/","name":"Histoire de France - Communiqu\u00e9s","description":"Histoire et patrimoine","publisher":{"@id":"https:\/\/www.charles-de-flahaut.fr\/wordpress\/#\/schema\/person\/81011c8b61bc74c05499365a506d49a9"},"potentialAction":[{"@type":"SearchAction","target":{"@type":"EntryPoint","urlTemplate":"https:\/\/www.charles-de-flahaut.fr\/wordpress\/?s={search_term_string}"},"query-input":{"@type":"PropertyValueSpecification","valueRequired":true,"valueName":"search_term_string"}}],"inLanguage":"fr-FR"},{"@type":["Person","Organization"],"@id":"https:\/\/www.charles-de-flahaut.fr\/wordpress\/#\/schema\/person\/81011c8b61bc74c05499365a506d49a9","name":"administrateur","logo":{"@id":"https:\/\/www.charles-de-flahaut.fr\/wordpress\/#\/schema\/person\/image\/"},"sameAs":["http:\/\/www.charles-de-flahaut.fr","https:\/\/www.facebook.com\/Sites.HistoiredeFrance"]}]}},"_links":{"self":[{"href":"https:\/\/www.charles-de-flahaut.fr\/wordpress\/wp-json\/wp\/v2\/pages\/12","targetHints":{"allow":["GET"]}}],"collection":[{"href":"https:\/\/www.charles-de-flahaut.fr\/wordpress\/wp-json\/wp\/v2\/pages"}],"about":[{"href":"https:\/\/www.charles-de-flahaut.fr\/wordpress\/wp-json\/wp\/v2\/types\/page"}],"author":[{"embeddable":true,"href":"https:\/\/www.charles-de-flahaut.fr\/wordpress\/wp-json\/wp\/v2\/users\/1"}],"replies":[{"embeddable":true,"href":"https:\/\/www.charles-de-flahaut.fr\/wordpress\/wp-json\/wp\/v2\/comments?post=12"}],"version-history":[{"count":14,"href":"https:\/\/www.charles-de-flahaut.fr\/wordpress\/wp-json\/wp\/v2\/pages\/12\/revisions"}],"predecessor-version":[{"id":46840,"href":"https:\/\/www.charles-de-flahaut.fr\/wordpress\/wp-json\/wp\/v2\/pages\/12\/revisions\/46840"}],"wp:attachment":[{"href":"https:\/\/www.charles-de-flahaut.fr\/wordpress\/wp-json\/wp\/v2\/media?parent=12"}],"curies":[{"name":"wp","href":"https:\/\/api.w.org\/{rel}","templated":true}]}}