{"version":"1.0","provider_name":"Histoire de France   -  Communiqu\u00e9s","provider_url":"https:\/\/www.charles-de-flahaut.fr\/wordpress","author_name":"administrateur","author_url":"https:\/\/www.charles-de-flahaut.fr\/wordpress\/author\/hist_8la_ad\/","title":"Patrimoine de Larnas (Ard\u00e8che) - Histoire de France - Communiqu\u00e9s","type":"rich","width":600,"height":338,"html":"<blockquote class=\"wp-embedded-content\" data-secret=\"vAPBUPEAWn\"><a href=\"https:\/\/www.charles-de-flahaut.fr\/wordpress\/patrimoine-de-larnas-ardeche\/\">Patrimoine de Larnas (Ard\u00e8che)<\/a><\/blockquote><iframe sandbox=\"allow-scripts\" security=\"restricted\" src=\"https:\/\/www.charles-de-flahaut.fr\/wordpress\/patrimoine-de-larnas-ardeche\/embed\/#?secret=vAPBUPEAWn\" width=\"600\" height=\"338\" title=\"\u00ab\u00a0Patrimoine de Larnas (Ard\u00e8che)\u00a0\u00bb &#8212; Histoire de France   -  Communiqu\u00e9s\" data-secret=\"vAPBUPEAWn\" frameborder=\"0\" marginwidth=\"0\" marginheight=\"0\" scrolling=\"no\" class=\"wp-embedded-content\"><\/iframe><script type=\"text\/javascript\">\n\/* <![CDATA[ *\/\n\/*! This file is auto-generated *\/\n!function(d,l){\"use strict\";l.querySelector&&d.addEventListener&&\"undefined\"!=typeof URL&&(d.wp=d.wp||{},d.wp.receiveEmbedMessage||(d.wp.receiveEmbedMessage=function(e){var t=e.data;if((t||t.secret||t.message||t.value)&&!\/[^a-zA-Z0-9]\/.test(t.secret)){for(var s,r,n,a=l.querySelectorAll('iframe[data-secret=\"'+t.secret+'\"]'),o=l.querySelectorAll('blockquote[data-secret=\"'+t.secret+'\"]'),c=new RegExp(\"^https?:$\",\"i\"),i=0;i<o.length;i++)o[i].style.display=\"none\";for(i=0;i<a.length;i++)s=a[i],e.source===s.contentWindow&&(s.removeAttribute(\"style\"),\"height\"===t.message?(1e3<(r=parseInt(t.value,10))?r=1e3:~~r<200&&(r=200),s.height=r):\"link\"===t.message&&(r=new URL(s.getAttribute(\"src\")),n=new URL(t.value),c.test(n.protocol))&&n.host===r.host&&l.activeElement===s&&(d.top.location.href=t.value))}},d.addEventListener(\"message\",d.wp.receiveEmbedMessage,!1),l.addEventListener(\"DOMContentLoaded\",function(){for(var e,t,s=l.querySelectorAll(\"iframe.wp-embedded-content\"),r=0;r<s.length;r++)(t=(e=s[r]).getAttribute(\"data-secret\"))||(t=Math.random().toString(36).substring(2,12),e.src+=\"#?secret=\"+t,e.setAttribute(\"data-secret\",t)),e.contentWindow.postMessage({message:\"ready\",secret:t},\"*\")},!1)))}(window,document);\n\/\/# sourceURL=https:\/\/www.charles-de-flahaut.fr\/wordpress\/wp-includes\/js\/wp-embed.min.js\n\/* ]]> *\/\n<\/script>\n","description":"Patrimoine de Larnas (Ard\u00e8che) http:\/\/www.larnas.fr\/Patrimoine-et-paysages un nouveau site r\u00e9f\u00e9renc\u00e9 sur Annuaire Histoire Surgissant au milieu des lavandes et des pr\u00e9s verdoyants du village, l\u2019\u00e9glise Saint Pierre se dresse dans un cadre serein. V\u00e9ritable richesse historique et architecturale du XII\u00e8me si\u00e8cle. , elle poss\u00e8de la \u00ab\u00a0plus belle coupole du Vivarais\u00a0\u00bb (dixit l\u2019abb\u00e9 Arnaud, historien local) dans &hellip; Lire la suite","thumbnail_url":"http:\/\/www.charles-de-flahaut.fr\/wordpress\/wp-content\/uploads\/2015\/01\/larnas07-300x225.jpg"}

Histoire de France   -  Communiqués

Patrimoine de Larnas (Ardèche) - Histoire de France - Communiqués

<blockquote class="wp-embedded-content" data-secret="vAPBUPEAWn"><a href="https://www.charles-de-flahaut.fr/wordpress/patrimoine-de-larnas-ardeche/">Patrimoine de Larnas (Ardèche)</a></blockquote><iframe sandbox="allow-scripts" security="restricted" src="https://www.charles-de-flahaut.fr/wordpress/patrimoine-de-larnas-ardeche/embed/#?secret=vAPBUPEAWn" width="600" height="338" title="« Patrimoine de Larnas (Ardèche) » &#8212; Histoire de France   -  Communiqués" data-secret="vAPBUPEAWn" frameborder="0" marginwidth="0" marginheight="0" scrolling="no" class="wp-embedded-content"></iframe><script type="text/javascript">
/* <![CDATA[ */
/*! This file is auto-generated */
!function(d,l){"use strict";l.querySelector&&d.addEventListener&&"undefined"!=typeof URL&&(d.wp=d.wp||{},d.wp.receiveEmbedMessage||(d.wp.receiveEmbedMessage=function(e){var t=e.data;if((t||t.secret||t.message||t.value)&&!/[^a-zA-Z0-9]/.test(t.secret)){for(var s,r,n,a=l.querySelectorAll('iframe[data-secret="'+t.secret+'"]'),o=l.querySelectorAll('blockquote[data-secret="'+t.secret+'"]'),c=new RegExp("^https?:$","i"),i=0;i<o.length;i++)o[i].style.display="none";for(i=0;i<a.length;i++)s=a[i],e.source===s.contentWindow&&(s.removeAttribute("style"),"height"===t.message?(1e3<(r=parseInt(t.value,10))?r=1e3:~~r<200&&(r=200),s.height=r):"link"===t.message&&(r=new URL(s.getAttribute("src")),n=new URL(t.value),c.test(n.protocol))&&n.host===r.host&&l.activeElement===s&&(d.top.location.href=t.value))}},d.addEventListener("message",d.wp.receiveEmbedMessage,!1),l.addEventListener("DOMContentLoaded",function(){for(var e,t,s=l.querySelectorAll("iframe.wp-embedded-content"),r=0;r<s.length;r++)(t=(e=s[r]).getAttribute("data-secret"))||(t=Math.random().toString(36).substring(2,12),e.src+="#?secret="+t,e.setAttribute("data-secret",t)),e.contentWindow.postMessage({message:"ready",secret:t},"*")},!1)))}(window,document);
//# sourceURL=https://www.charles-de-flahaut.fr/wordpress/wp-includes/js/wp-embed.min.js
/* ]]> */
</script>

Patrimoine de Larnas (Ardèche) http://www.larnas.fr/Patrimoine-et-paysages un nouveau site référencé sur Annuaire Histoire Surgissant au milieu des lavandes et des prés verdoyants du village, l’église Saint Pierre se dresse dans un cadre serein. Véritable richesse historique et architecturale du XIIème siècle. , elle possède la « plus belle coupole du Vivarais » (dixit l’abbé Arnaud, historien local) dans &hellip; Lire la suite
